3806
What is the remainder when 2590996 is divided by 59?
11
What is the remainder when 17488732 is divided by 172?
116
What is the remainder when 3416558 is divided by 71176?
110
Calculate the remainder when 110931 is divided by 110756.
175
What is the remainder when 142704494 is divided by 19?
16
Calculate the remainder when 2644695 is divided by 1996.
1991
What is the remainder when 99434 is divided by 49677?
80
Calculate the remainder when 712335 is divided by 247.
234
What is the remainder when 1670965 is divided by 101?
21
Calculate the remainder when 2293488 is divided by 2493.
2421
Calculate the remainder when 1325671 is divided by 6109.
18
What is the remainder when 452754 is divided by 26298?
5688
Calculate the remainder when 36955 is divided by 389.
0
What is the remainder when 353684 is divided by 3003?
2333
What is the remainder when 9807073 is divided by 675?
673
Calculate the remainder when 37194286 is divided by 18597139.
8
Calculate the remainder when 322178 is divided by 2769.
974
Calculate the remainder when 24876 is divided by 7491.
2403
What is the remainder when 278050 is divided by 898?
568
Calculate the remainder when 114880 is divided by 5996.
956
Calculate the remainder when 674794 is divided by 39.
16
What is the remainder when 13858 is divided by 3461?
14
What is the remainder when 11696982 is divided by 58?
6
What is the remainder when 3640228 is divided by 1820101?
26
What is the remainder when 46650 is divided by 9158?
860
Calculate the remainder when 2351115 is divided by 9596.
95
Calculate the remainder when 7350378 is divided by 525026.
14
What is the remainder when 454655 is divided by 10825?
5
Calculate the remainder when 74284 is divided by 133.
70
What is the remainder when 8968233 is divided by 695?
648
What is the remainder when 8599758 is divided by 3451?
3317
Calculate the remainder when 2720303 is divided by 272028.
23
Calculate the remainder when 2487774 is divided by 693.
597
What is the remainder when 2414545 is divided by 10590?
25
What is the remainder when 229101 is divided by 2122?
2047
What is the remainder when 620826 is divided by 47744?
154
Calculate the remainder when 23143748 is divided by 161.
159
Calculate the remainder when 354035 is divided by 115676.
7007
What is the remainder when 672492 is divided by 323?
6
What is the remainder when 8574546 is divided by 107?
101
What is the remainder when 4942057 is divided by 1320?
1297
Calculate the remainder when 184468 is divided by 46084.
132
Calculate the remainder when 998927 is divided by 594.
413
What is the remainder when 357683 is divided by 2542?
1803
What is the remainder when 63932608 is divided by 22615?
3
Calculate the remainder when 3874797 is divided by 21526.
117
What is the remainder when 22948 is divided by 12?
4
Calculate the remainder when 4462075 is divided by 32.
27
What is the remainder when 287841 is divided by 143854?
133
What is the remainder when 6470869 is divided by 117652?
9
Calculate the remainder when 188435981 is divided by 62811982.
35
Calculate the remainder when 2456886 is divided by 257.
223
Calculate the remainder when 1664993 is divided by 554994.
11
Calculate the remainder when 937865 is divided by 8298.
191
What is the remainder when 3620277 is divided by 361?
169
Calculate the remainder when 369403 is divided by 14774.
53
What is the remainder when 212732 is divided by 9?
8
What is the remainder when 217935936 is divided by 20?
16
What is the remainder when 17915136 is divided by 71375?
11
Calculate the remainder when 19133 is divided by 2164.
1821
What is the remainder when 46978 is divided by 46528?
450
What is the remainder when 258195 is divided by 1366?
21
Calculate the remainder when 51019937 is divided by 1060.
17
What is the remainder when 275296308 is divided by 6126?
6120
Calculate the remainder when 808897 is divided by 202219.
21
What is the remainder when 219148 is divided by 11526?
154
What is the remainder when 3237827 is divided by 128?
67
Calculate the remainder when 711214879 is divided by 20.
19
Calculate the remainder when 354577 is divided by 425.
127
What is the remainder when 266415 is divided by 1720?
1535
Calculate the remainder when 84538108 is divided by 40.
28
Calculate the remainder when 222101 is divided by 345.
266
Calculate the remainder when 11785 is divided by 1617.
466
Calculate the remainder when 45847498 is divided by 813.
802
Calculate the remainder when 102628392 is divided by 130.
22
What is the remainder when 11172 is divided by 11136?
36
Calculate the remainder when 362499 is divided by 5034.
51
Calculate the remainder when 407895916 is divided by 111.
109
What is the remainder when 16174383 is divided by 41?
6
What is the remainder when 3172935 is divided by 4175?
4110
What is the remainder when 1424621 is divided by 1424617?
4
What is the remainder when 68030882 is divided by 289?
282
Calculate the remainder when 36745492 is divided by 1310.
1302
What is the remainder when 819053 is divided by 3705?
248
Calculate the remainder when 158442204 is divided by 1087.
1084
Calculate the remainder when 57107 is divided by 1079.
999
Calculate the remainder when 31558172 is divided by 43.
42
Calculate the remainder when 36552912 is divided by 196521.
6
Calculate the remainder when 727499 is divided by 164.
159
Calculate the remainder when 2459397 is divided by 52316.
545
What is the remainder when 18076 is divided by 466?
368
Calculate the remainder when 23067882 is divided by 278.
276
What is the remainder when 135885 is divided by 6172?
101
What is the remainder when 20356048 is divided by 3279?
16
Calculate the remainder when 15776905 is divided by 15776890.
15
Calculate the remainder when 11101908 is divided by 265.
263
Calculate the remainder when 65059 is divided by 7898.
1875
What is the remainder when 102861440 is divided by 3396?
3392
Calculate the remainder when 25511305 is divided by 27.
4
What is the remainder when 38660 is divided by 16442?
5776
Calculate the remainder when 60690 is divided by 160.
50
What is the remainder when 1170382750 is divided by 7832?
7830
What is the remainder when 126977 is divided by 62022?
2933
Calculate the remainder when 6586276 is divided by 642.
640
What is the remainder when 20716877 is divided by 16?
13
Calculate the remainder when 268582 is divided by 24347.
765
Calculate the remainder when 307417406 is divided by 307417397.
9
What is the remainder when 1291468 is divided by 1408?
332
Calculate the remainder when 3533736 is divided by 7924.
7556
Calculate the remainder when 19236009 is divided by 601122.
105
Calculate the remainder when 1274989 is divided by 2314.
2289
Calculate the remainder when 71210 is divided by 35588.
34
Calculate the remainder when 15093219 is divided by 15093213.
6
What is the remainder when 137138199 is divided by 32?
23
Calculate the remainder when 23069748 is divided by 5767431.
24
Calculate the remainder when 1023106 is divided by 1022901.
205
Calculate the remainder when 561543 is divided by 280752.
39
What is the remainder when 835181 is divided by 673?
661
Calculate the remainder when 3872067 is divided by 3508.
2743
What is the remainder when 4533168 is divided by 192?
48
What is the remainder when 5637468 is divided by 277?
241
What is the remainder when 3539365 is divided by 79?
7
What is the remainder when 54492760 is divided by 31?
30
What is the remainder when 254947 is divided by 358?
51
Calculate the remainder when 6129437 is divided by 503.
382
What is the remainder when 5087150 is divided by 36?
26
What is the remainder when 1255445 is divided by 2226?
2207
What is the remainder when 9600658 is divided by 828?
826
What is the remainder when 84860481 is divided by 84860481?
0
What is the remainder when 20180 is divided by 9685?
810
Calculate the remainder when 45381597 is divided by 382.
379
What is the remainder when 383460 is divided by 47922?
84
Calculate the remainder when 3481580 is divided by 33.
14
What is the remainder when 18594 is divided by 894?
714
Calculate the remainder when 30760 is divided by 7690.
0
Calculate the remainder when 23196566 is divided by 7371.
29
Calculate the remainder when 2654955 is divided by 746.
687
What is the remainder when 2042852 is divi